{"id":102,"date":"2022-10-30T19:53:53","date_gmt":"2022-10-30T19:53:53","guid":{"rendered":"http:\/\/angelalena.com\/?page_id=102"},"modified":"2024-06-20T11:44:19","modified_gmt":"2024-06-20T11:44:19","slug":"cine","status":"publish","type":"page","link":"https:\/\/angelalena.com\/index.php\/cine\/","title":{"rendered":"Cine"},"content":{"rendered":"\n<h2 class=\"wp-block-heading has-text-align-center\"><em>Allanamiento de morada<\/em><\/h2>\n\n\n\n<figure class=\"wp-block-image size-large\"><img loading=\"lazy\" decoding=\"async\" width=\"724\" height=\"1024\" src=\"http:\/\/angelalena.com\/wp-content\/uploads\/2024\/06\/allanamiento-de-morada-cortometraje-724x1024.jpeg\" alt=\"\" class=\"wp-image-827\" srcset=\"https:\/\/angelalena.com\/wp-content\/uploads\/2024\/06\/allanamiento-de-morada-cortometraje-724x1024.jpeg 724w, https:\/\/angelalena.com\/wp-content\/uploads\/2024\/06\/allanamiento-de-morada-cortometraje-212x300.jpeg 212w, https:\/\/angelalena.com\/wp-content\/uploads\/2024\/06\/allanamiento-de-morada-cortometraje-768x1086.jpeg 768w, https:\/\/angelalena.com\/wp-content\/uploads\/2024\/06\/allanamiento-de-morada-cortometraje-1086x1536.jpeg 1086w, https:\/\/angelalena.com\/wp-content\/uploads\/2024\/06\/allanamiento-de-morada-cortometraje.jpeg 1131w\" sizes=\"auto, (max-width: 724px) 100vw, 724px\" \/><figcaption class=\"wp-element-caption\">Cortometraje realizado por los miembros de ACAN Cine y Arte. bajo la producci\u00f3n de Eigakan films<br><\/figcaption><\/figure>\n\n\n\n<p><\/p>\n\n\n\n<h2 class=\"wp-block-heading has-text-align-center\"><em>La m\u00e1s cuqui del lugar<\/em><\/h2>\n\n\n\n<figure class=\"wp-block-gallery has-nested-images columns-default is-cropped wp-block-gallery-1 is-layout-flex wp-block-gallery-is-layout-flex\">\n<figure class=\"wp-block-image size-large\"><img loading=\"lazy\" decoding=\"async\" width=\"1024\" height=\"576\" data-id=\"509\" src=\"http:\/\/angelalena.com\/wp-content\/uploads\/2022\/11\/PORTADA-1-2-1024x576.jpg\" alt=\"\" class=\"wp-image-509\" srcset=\"https:\/\/angelalena.com\/wp-content\/uploads\/2022\/11\/PORTADA-1-2-1024x576.jpg 1024w, https:\/\/angelalena.com\/wp-content\/uploads\/2022\/11\/PORTADA-1-2-300x169.jpg 300w, https:\/\/angelalena.com\/wp-content\/uploads\/2022\/11\/PORTADA-1-2-768x432.jpg 768w, https:\/\/angelalena.com\/wp-content\/uploads\/2022\/11\/PORTADA-1-2-1536x864.jpg 1536w, https:\/\/angelalena.com\/wp-content\/uploads\/2022\/11\/PORTADA-1-2-2048x1152.jpg 2048w\" sizes=\"auto, (max-width: 1024px) 100vw, 1024px\" \/><\/figure>\n\n\n\n<figure class=\"wp-block-image size-large\"><img loading=\"lazy\" decoding=\"async\" width=\"1024\" height=\"576\" data-id=\"508\" src=\"http:\/\/angelalena.com\/wp-content\/uploads\/2022\/11\/PORTADA-3-1024x576.jpg\" alt=\"\" class=\"wp-image-508\" srcset=\"https:\/\/angelalena.com\/wp-content\/uploads\/2022\/11\/PORTADA-3-1024x576.jpg 1024w, https:\/\/angelalena.com\/wp-content\/uploads\/2022\/11\/PORTADA-3-300x169.jpg 300w, https:\/\/angelalena.com\/wp-content\/uploads\/2022\/11\/PORTADA-3-768x432.jpg 768w, https:\/\/angelalena.com\/wp-content\/uploads\/2022\/11\/PORTADA-3-1536x864.jpg 1536w, https:\/\/angelalena.com\/wp-content\/uploads\/2022\/11\/PORTADA-3-2048x1152.jpg 2048w\" sizes=\"auto, (max-width: 1024px) 100vw, 1024px\" \/><\/figure>\n<\/figure>\n\n\n\n<figure class=\"wp-block-embed is-type-video is-provider-vimeo wp-block-embed-vimeo wp-embed-aspect-16-9 wp-has-aspect-ratio\"><div class=\"wp-block-embed__wrapper\">\n<iframe loading=\"lazy\" title=\"La Ma\u0301s Cuqui del Lugar - A\u0301ngela Len\u0303a y A\u0301ngel del A\u0301guila.mp4\" src=\"https:\/\/player.vimeo.com\/video\/769364895?dnt=1&amp;app_id=122963\" width=\"920\" height=\"518\" frameborder=\"0\" allow=\"autoplay; fullscreen; picture-in-picture; clipboard-write\"><\/iframe>\n<\/div><figcaption class=\"wp-element-caption\"><em><strong>La m\u00e1s cuqui del lugar<\/strong><\/em> producido por <em>Alpha Reels<\/em><\/figcaption><\/figure>\n\n\n\n<p><\/p>\n\n\n\n<p><\/p>\n\n\n\n<p><\/p>\n\n\n\n<h2 class=\"wp-block-heading has-text-align-center\"><em>Una buena mujer<\/em><\/h2>\n\n\n\n<figure class=\"wp-block-gallery has-nested-images columns-default is-cropped wp-block-gallery-2 is-layout-flex wp-block-gallery-is-layout-flex\">\n<figure class=\"wp-block-image\"><img decoding=\"async\" src=\"http:\/\/angelalena.com\/wp-content\/uploads\/2022\/11\/PORTADA-1-1-1024x576.jpg\" alt=\"La imagen tiene un atributo ALT vac\u00edo; su nombre de archivo es PORTADA-1-1-1024x576.jpg\"\/><\/figure>\n\n\n\n<figure class=\"wp-block-image size-large\"><img loading=\"lazy\" decoding=\"async\" width=\"1024\" height=\"576\" data-id=\"125\" src=\"http:\/\/angelalena.com\/wp-content\/uploads\/2022\/11\/PORTADA-2-1024x576.jpg\" alt=\"\" class=\"wp-image-125\" srcset=\"https:\/\/angelalena.com\/wp-content\/uploads\/2022\/11\/PORTADA-2-1024x576.jpg 1024w, https:\/\/angelalena.com\/wp-content\/uploads\/2022\/11\/PORTADA-2-300x169.jpg 300w, https:\/\/angelalena.com\/wp-content\/uploads\/2022\/11\/PORTADA-2-768x432.jpg 768w, https:\/\/angelalena.com\/wp-content\/uploads\/2022\/11\/PORTADA-2-1536x864.jpg 1536w, https:\/\/angelalena.com\/wp-content\/uploads\/2022\/11\/PORTADA-2-2048x1152.jpg 2048w, https:\/\/angelalena.com\/wp-content\/uploads\/2022\/11\/PORTADA-2-720x405.jpg 720w, https:\/\/angelalena.com\/wp-content\/uploads\/2022\/11\/PORTADA-2-820x461.jpg 820w\" sizes=\"auto, (max-width: 1024px) 100vw, 1024px\" \/><\/figure>\n<\/figure>\n\n\n\n<figure class=\"wp-block-embed is-type-video is-provider-vimeo wp-block-embed-vimeo wp-embed-aspect-16-9 wp-has-aspect-ratio\"><div class=\"wp-block-embed__wrapper\">\n<iframe loading=\"lazy\" title=\"Una Buena Mujer - Angela Le\u00f1a y Jaime L\u00f3pez\" src=\"https:\/\/player.vimeo.com\/video\/766149501?dnt=1&amp;app_id=122963\" width=\"920\" height=\"518\" frameborder=\"0\" allow=\"autoplay; fullscreen; picture-in-picture; clipboard-write\"><\/iframe>\n<\/div><figcaption class=\"wp-element-caption\"><strong><em>Una Buena Mujer<\/em><\/strong> producido por <em>Alpha Reels<\/em><\/figcaption><\/figure>\n\n\n\n<p><\/p>\n\n\n\n<p><\/p>\n\n\n\n<p><\/p>\n\n\n\n<h2 class=\"wp-block-heading has-text-align-center\"><em>Gris es el color del miedo<\/em><\/h2>\n\n\n<div class=\"wp-block-image\">\n<figure class=\"aligncenter size-large\"><img loading=\"lazy\" decoding=\"async\" width=\"746\" height=\"1024\" src=\"http:\/\/angelalena.com\/wp-content\/uploads\/2022\/11\/WhatsApp-Image-2022-11-01-at-18.19.20-746x1024.jpeg\" alt=\"\" class=\"wp-image-147\" srcset=\"https:\/\/angelalena.com\/wp-content\/uploads\/2022\/11\/WhatsApp-Image-2022-11-01-at-18.19.20-746x1024.jpeg 746w, https:\/\/angelalena.com\/wp-content\/uploads\/2022\/11\/WhatsApp-Image-2022-11-01-at-18.19.20-218x300.jpeg 218w, https:\/\/angelalena.com\/wp-content\/uploads\/2022\/11\/WhatsApp-Image-2022-11-01-at-18.19.20-768x1055.jpeg 768w, https:\/\/angelalena.com\/wp-content\/uploads\/2022\/11\/WhatsApp-Image-2022-11-01-at-18.19.20-720x989.jpeg 720w, https:\/\/angelalena.com\/wp-content\/uploads\/2022\/11\/WhatsApp-Image-2022-11-01-at-18.19.20-820x1126.jpeg 820w, https:\/\/angelalena.com\/wp-content\/uploads\/2022\/11\/WhatsApp-Image-2022-11-01-at-18.19.20.jpeg 1080w\" sizes=\"auto, (max-width: 746px) 100vw, 746px\" \/><figcaption class=\"wp-element-caption\"><a href=\"https:\/\/www.facebook.com\/hashtag\/griseselcolordelmiedo?__eep__=6&amp;__cft__[0]=AZVdAbYKKsVW09lEtvSauU484aVrLQ-5oxjEBLDAiZCRGRoDXsjzVULfMaNKFtweqpSM9b61fFz0jCzx1quEIidF5EXyR4VYh3L4a7LIduyd92LfpOyadTwtjkyQTFZ7Shd0LXBPLnGy4qJ994WeoBSylNt4gjg_fv8cTfMoHsqEERNldvkrRHEhp4Bws2Fd2NLrXvNl3KorQA-dgRnciODB&amp;__tn__=*NK-y-R\">#Griseselcolordelmiedo<\/a> cuenta la historia de una persona obligada a tomar una decisi\u00f3n que no quiere aceptar y se ve envuelta en un viaje de carretera en el que empezar\u00e1 a sospechar algo oscuro de sus amigos y su propia pareja.<br>Hoy desvelamos p\u00f3ster y pronto fecha de estreno y lugares.<br>El pr\u00f3ximo viernes 4 de septiembre tambi\u00e9n ver\u00e1 la luz el tr\u00e1iler oficial.<br>Gracias a las personas que han colaborado para hacer posible este oscuro cuento:<br>Guevara Rabal, \u00c1ngela Le\u00f1a, Pedro Moreno, Javier Abenza, Ram\u00f3n Valverde, Alfonso Molina y Claudia Gonz\u00e1lez D\u00edaz.<\/figcaption><\/figure><\/div>\n\n\n<figure class=\"wp-block-video\"><video controls src=\"http:\/\/angelalena.com\/wp-content\/uploads\/2022\/11\/VID_49861019_120520_8631.mp4\"><\/video><figcaption class=\"wp-element-caption\">Tr\u00e1iler <em>Gris es el Color del Miedo<\/em><\/figcaption><\/figure>\n\n\n\n<p><\/p>\n\n\n\n<p><\/p>\n\n\n\n<h2 class=\"wp-block-heading has-text-align-center\"><em>Charco<\/em><\/h2>\n\n\n\n<p>Una producci\u00f3n de La Doble FF cinema. Dirigida por Rafa Garc\u00eda.<\/p>\n\n\n\n<figure class=\"wp-block-embed is-type-video is-provider-youtube wp-block-embed-youtube wp-embed-aspect-16-9 wp-has-aspect-ratio\"><div class=\"wp-block-embed__wrapper\">\n<iframe loading=\"lazy\" title=\"CHARCO la pel\u00edcula (teaser)\" width=\"920\" height=\"518\" src=\"https:\/\/www.youtube.com\/embed\/Xn09vYH9uOE?start=1&#038;feature=oembed\" frameborder=\"0\" allow=\"accelerometer; autoplay; clipboard-write; encrypted-media; gyroscope; picture-in-picture; web-share\" referrerpolicy=\"strict-origin-when-cross-origin\" allowfullscreen><\/iframe>\n<\/div><\/figure>\n\n\n\n<figure class=\"wp-block-video\"><video controls src=\"http:\/\/angelalena.com\/wp-content\/uploads\/2022\/11\/VID_44250307_064105_0451.mp4\"><\/video><\/figure>\n\n\n\n<p><\/p>\n\n\n\n<p><\/p>\n\n\n\n<p><\/p>\n\n\n\n<p><\/p>\n\n\n\n<p><\/p>\n\n\n\n<p><\/p>\n\n\n\n<figure class=\"wp-block-image size-large\"><img loading=\"lazy\" decoding=\"async\" width=\"1024\" height=\"1024\" src=\"http:\/\/angelalena.com\/wp-content\/uploads\/2022\/11\/IMG_20181213_161034_028-1024x1024.jpg\" alt=\"\" class=\"wp-image-213\" srcset=\"https:\/\/angelalena.com\/wp-content\/uploads\/2022\/11\/IMG_20181213_161034_028-1024x1024.jpg 1024w, https:\/\/angelalena.com\/wp-content\/uploads\/2022\/11\/IMG_20181213_161034_028-300x300.jpg 300w, https:\/\/angelalena.com\/wp-content\/uploads\/2022\/11\/IMG_20181213_161034_028-150x150.jpg 150w, https:\/\/angelalena.com\/wp-content\/uploads\/2022\/11\/IMG_20181213_161034_028-768x768.jpg 768w, https:\/\/angelalena.com\/wp-content\/uploads\/2022\/11\/IMG_20181213_161034_028-1536x1536.jpg 1536w, https:\/\/angelalena.com\/wp-content\/uploads\/2022\/11\/IMG_20181213_161034_028.jpg 2048w, https:\/\/angelalena.com\/wp-content\/uploads\/2022\/11\/IMG_20181213_161034_028-720x720.jpg 720w, https:\/\/angelalena.com\/wp-content\/uploads\/2022\/11\/IMG_20181213_161034_028-820x820.jpg 820w\" sizes=\"auto, (max-width: 1024px) 100vw, 1024px\" \/><\/figure>\n","protected":false},"excerpt":{"rendered":"<p>Allanamiento de morada La m\u00e1s cuqui del lugar Una buena mujer Gris es el color del miedo Charco Una producci\u00f3n de La Doble FF cinema. Dirigida por Rafa Garc\u00eda.<\/p>\n","protected":false},"author":2,"featured_media":0,"parent":0,"menu_order":0,"comment_status":"closed","ping_status":"closed","template":"","meta":{"footnotes":""},"class_list":["post-102","page","type-page","status-publish","hentry"],"_links":{"self":[{"href":"https:\/\/angelalena.com\/index.php\/wp-json\/wp\/v2\/pages\/102","targetHints":{"allow":["GET"]}}],"collection":[{"href":"https:\/\/angelalena.com\/index.php\/wp-json\/wp\/v2\/pages"}],"about":[{"href":"https:\/\/angelalena.com\/index.php\/wp-json\/wp\/v2\/types\/page"}],"author":[{"embeddable":true,"href":"https:\/\/angelalena.com\/index.php\/wp-json\/wp\/v2\/users\/2"}],"replies":[{"embeddable":true,"href":"https:\/\/angelalena.com\/index.php\/wp-json\/wp\/v2\/comments?post=102"}],"version-history":[{"count":11,"href":"https:\/\/angelalena.com\/index.php\/wp-json\/wp\/v2\/pages\/102\/revisions"}],"predecessor-version":[{"id":828,"href":"https:\/\/angelalena.com\/index.php\/wp-json\/wp\/v2\/pages\/102\/revisions\/828"}],"wp:attachment":[{"href":"https:\/\/angelalena.com\/index.php\/wp-json\/wp\/v2\/media?parent=102"}],"curies":[{"name":"wp","href":"https:\/\/api.w.org\/{rel}","templated":true}]}}

<h2 class="wp-block-heading has-text-align-center"><em>Allanamiento de morada</em></h2>



<figure class="wp-block-image size-large"><img loading="lazy" decoding="async" width="724" height="1024" src="http://angelalena.com/wp-content/uploads/2024/06/allanamiento-de-morada-cortometraje-724x1024.jpeg" alt="" class="wp-image-827" srcset="https://angelalena.com/wp-content/uploads/2024/06/allanamiento-de-morada-cortometraje-724x1024.jpeg 724w, https://angelalena.com/wp-content/uploads/2024/06/allanamiento-de-morada-cortometraje-212x300.jpeg 212w, https://angelalena.com/wp-content/uploads/2024/06/allanamiento-de-morada-cortometraje-768x1086.jpeg 768w, https://angelalena.com/wp-content/uploads/2024/06/allanamiento-de-morada-cortometraje-1086x1536.jpeg 1086w, https://angelalena.com/wp-content/uploads/2024/06/allanamiento-de-morada-cortometraje.jpeg 1131w" sizes="auto, (max-width: 724px) 100vw, 724px" /><figcaption class="wp-element-caption">Cortometraje realizado por los miembros de ACAN Cine y Arte. bajo la producción de Eigakan films<br></figcaption></figure>



<p></p>



<h2 class="wp-block-heading has-text-align-center"><em>La más cuqui del lugar</em></h2>



<figure class="wp-block-gallery has-nested-images columns-default is-cropped wp-block-gallery-1 is-layout-flex wp-block-gallery-is-layout-flex">
<figure class="wp-block-image size-large"><img loading="lazy" decoding="async" width="1024" height="576" data-id="509" src="http://angelalena.com/wp-content/uploads/2022/11/PORTADA-1-2-1024x576.jpg" alt="" class="wp-image-509" srcset="https://angelalena.com/wp-content/uploads/2022/11/PORTADA-1-2-1024x576.jpg 1024w, https://angelalena.com/wp-content/uploads/2022/11/PORTADA-1-2-300x169.jpg 300w, https://angelalena.com/wp-content/uploads/2022/11/PORTADA-1-2-768x432.jpg 768w, https://angelalena.com/wp-content/uploads/2022/11/PORTADA-1-2-1536x864.jpg 1536w, https://angelalena.com/wp-content/uploads/2022/11/PORTADA-1-2-2048x1152.jpg 2048w" sizes="auto, (max-width: 1024px) 100vw, 1024px" /></figure>



<figure class="wp-block-image size-large"><img loading="lazy" decoding="async" width="1024" height="576" data-id="508" src="http://angelalena.com/wp-content/uploads/2022/11/PORTADA-3-1024x576.jpg" alt="" class="wp-image-508" srcset="https://angelalena.com/wp-content/uploads/2022/11/PORTADA-3-1024x576.jpg 1024w, https://angelalena.com/wp-content/uploads/2022/11/PORTADA-3-300x169.jpg 300w, https://angelalena.com/wp-content/uploads/2022/11/PORTADA-3-768x432.jpg 768w, https://angelalena.com/wp-content/uploads/2022/11/PORTADA-3-1536x864.jpg 1536w, https://angelalena.com/wp-content/uploads/2022/11/PORTADA-3-2048x1152.jpg 2048w" sizes="auto, (max-width: 1024px) 100vw, 1024px" /></figure>
</figure>



<figure class="wp-block-embed is-type-video is-provider-vimeo wp-block-embed-vimeo wp-embed-aspect-16-9 wp-has-aspect-ratio"><div class="wp-block-embed__wrapper">
<iframe loading="lazy" title="La Más Cuqui del Lugar - Ángela Leña y Ángel del Águila.mp4" src="https://player.vimeo.com/video/769364895?dnt=1&amp;app_id=122963" width="920" height="518" frameborder="0" allow="autoplay; fullscreen; picture-in-picture; clipboard-write"></iframe>
</div><figcaption class="wp-element-caption"><em><strong>La más cuqui del lugar</strong></em> producido por <em>Alpha Reels</em></figcaption></figure>



<p></p>



<p></p>



<p></p>



<h2 class="wp-block-heading has-text-align-center"><em>Una buena mujer</em></h2>



<figure class="wp-block-gallery has-nested-images columns-default is-cropped wp-block-gallery-2 is-layout-flex wp-block-gallery-is-layout-flex">
<figure class="wp-block-image"><img decoding="async" src="http://angelalena.com/wp-content/uploads/2022/11/PORTADA-1-1-1024x576.jpg" alt="La imagen tiene un atributo ALT vacío; su nombre de archivo es PORTADA-1-1-1024x576.jpg"/></figure>



<figure class="wp-block-image size-large"><img loading="lazy" decoding="async" width="1024" height="576" data-id="125" src="http://angelalena.com/wp-content/uploads/2022/11/PORTADA-2-1024x576.jpg" alt="" class="wp-image-125" srcset="https://angelalena.com/wp-content/uploads/2022/11/PORTADA-2-1024x576.jpg 1024w, https://angelalena.com/wp-content/uploads/2022/11/PORTADA-2-300x169.jpg 300w, https://angelalena.com/wp-content/uploads/2022/11/PORTADA-2-768x432.jpg 768w, https://angelalena.com/wp-content/uploads/2022/11/PORTADA-2-1536x864.jpg 1536w, https://angelalena.com/wp-content/uploads/2022/11/PORTADA-2-2048x1152.jpg 2048w, https://angelalena.com/wp-content/uploads/2022/11/PORTADA-2-720x405.jpg 720w, https://angelalena.com/wp-content/uploads/2022/11/PORTADA-2-820x461.jpg 820w" sizes="auto, (max-width: 1024px) 100vw, 1024px" /></figure>
</figure>



<figure class="wp-block-embed is-type-video is-provider-vimeo wp-block-embed-vimeo wp-embed-aspect-16-9 wp-has-aspect-ratio"><div class="wp-block-embed__wrapper">
<iframe loading="lazy" title="Una Buena Mujer - Angela Leña y Jaime López" src="https://player.vimeo.com/video/766149501?dnt=1&amp;app_id=122963" width="920" height="518" frameborder="0" allow="autoplay; fullscreen; picture-in-picture; clipboard-write"></iframe>
</div><figcaption class="wp-element-caption"><strong><em>Una Buena Mujer</em></strong> producido por <em>Alpha Reels</em></figcaption></figure>



<p></p>



<p></p>



<p></p>



<h2 class="wp-block-heading has-text-align-center"><em>Gris es el color del miedo</em></h2>


<div class="wp-block-image">
<figure class="aligncenter size-large"><img loading="lazy" decoding="async" width="746" height="1024" src="http://angelalena.com/wp-content/uploads/2022/11/WhatsApp-Image-2022-11-01-at-18.19.20-746x1024.jpeg" alt="" class="wp-image-147" srcset="https://angelalena.com/wp-content/uploads/2022/11/WhatsApp-Image-2022-11-01-at-18.19.20-746x1024.jpeg 746w, https://angelalena.com/wp-content/uploads/2022/11/WhatsApp-Image-2022-11-01-at-18.19.20-218x300.jpeg 218w, https://angelalena.com/wp-content/uploads/2022/11/WhatsApp-Image-2022-11-01-at-18.19.20-768x1055.jpeg 768w, https://angelalena.com/wp-content/uploads/2022/11/WhatsApp-Image-2022-11-01-at-18.19.20-720x989.jpeg 720w, https://angelalena.com/wp-content/uploads/2022/11/WhatsApp-Image-2022-11-01-at-18.19.20-820x1126.jpeg 820w, https://angelalena.com/wp-content/uploads/2022/11/WhatsApp-Image-2022-11-01-at-18.19.20.jpeg 1080w" sizes="auto, (max-width: 746px) 100vw, 746px" /><figcaption class="wp-element-caption"><a href="https://www.facebook.com/hashtag/griseselcolordelmiedo?__eep__=6&amp;__cft__[0]=AZVdAbYKKsVW09lEtvSauU484aVrLQ-5oxjEBLDAiZCRGRoDXsjzVULfMaNKFtweqpSM9b61fFz0jCzx1quEIidF5EXyR4VYh3L4a7LIduyd92LfpOyadTwtjkyQTFZ7Shd0LXBPLnGy4qJ994WeoBSylNt4gjg_fv8cTfMoHsqEERNldvkrRHEhp4Bws2Fd2NLrXvNl3KorQA-dgRnciODB&amp;__tn__=*NK-y-R">#Griseselcolordelmiedo</a> cuenta la historia de una persona obligada a tomar una decisión que no quiere aceptar y se ve envuelta en un viaje de carretera en el que empezará a sospechar algo oscuro de sus amigos y su propia pareja.<br>Hoy desvelamos póster y pronto fecha de estreno y lugares.<br>El próximo viernes 4 de septiembre también verá la luz el tráiler oficial.<br>Gracias a las personas que han colaborado para hacer posible este oscuro cuento:<br>Guevara Rabal, Ángela Leña, Pedro Moreno, Javier Abenza, Ramón Valverde, Alfonso Molina y Claudia González Díaz.</figcaption></figure></div>


<figure class="wp-block-video"><video controls src="http://angelalena.com/wp-content/uploads/2022/11/VID_49861019_120520_8631.mp4"></video><figcaption class="wp-element-caption">Tráiler <em>Gris es el Color del Miedo</em></figcaption></figure>



<p></p>



<p></p>



<h2 class="wp-block-heading has-text-align-center"><em>Charco</em></h2>



<p>Una producción de La Doble FF cinema. Dirigida por Rafa García.</p>



<figure class="wp-block-embed is-type-video is-provider-youtube wp-block-embed-youtube wp-embed-aspect-16-9 wp-has-aspect-ratio"><div class="wp-block-embed__wrapper">
<iframe loading="lazy" title="CHARCO la película (teaser)" width="920" height="518" src="https://www.youtube.com/embed/Xn09vYH9uOE?start=1&#038;feature=oembed" frameborder="0" allow="accelerometer; autoplay; clipboard-write; encrypted-media; gyroscope; picture-in-picture; web-share" referrerpolicy="strict-origin-when-cross-origin" allowfullscreen></iframe>
</div></figure>



<figure class="wp-block-video"><video controls src="http://angelalena.com/wp-content/uploads/2022/11/VID_44250307_064105_0451.mp4"></video></figure>



<p></p>



<p></p>



<p></p>



<p></p>



<p></p>



<p></p>



<figure class="wp-block-image size-large"><img loading="lazy" decoding="async" width="1024" height="1024" src="http://angelalena.com/wp-content/uploads/2022/11/IMG_20181213_161034_028-1024x1024.jpg" alt="" class="wp-image-213" srcset="https://angelalena.com/wp-content/uploads/2022/11/IMG_20181213_161034_028-1024x1024.jpg 1024w, https://angelalena.com/wp-content/uploads/2022/11/IMG_20181213_161034_028-300x300.jpg 300w, https://angelalena.com/wp-content/uploads/2022/11/IMG_20181213_161034_028-150x150.jpg 150w, https://angelalena.com/wp-content/uploads/2022/11/IMG_20181213_161034_028-768x768.jpg 768w, https://angelalena.com/wp-content/uploads/2022/11/IMG_20181213_161034_028-1536x1536.jpg 1536w, https://angelalena.com/wp-content/uploads/2022/11/IMG_20181213_161034_028.jpg 2048w, https://angelalena.com/wp-content/uploads/2022/11/IMG_20181213_161034_028-720x720.jpg 720w, https://angelalena.com/wp-content/uploads/2022/11/IMG_20181213_161034_028-820x820.jpg 820w" sizes="auto, (max-width: 1024px) 100vw, 1024px" /></figure>

<p>Allanamiento de morada La más cuqui del lugar Una buena mujer Gris es el color del miedo Charco Una producción de La Doble FF cinema. Dirigida por Rafa García.</p>
