{"id":31,"date":"2022-10-17T09:19:04","date_gmt":"2022-10-17T09:19:04","guid":{"rendered":"http:\/\/angelalena.com\/?page_id=31"},"modified":"2022-11-04T12:13:36","modified_gmt":"2022-11-04T12:13:36","slug":"modelo","status":"publish","type":"page","link":"https:\/\/angelalena.com\/index.php\/modelo\/","title":{"rendered":"MODELO"},"content":{"rendered":"\n<p>Ya desde muy peque\u00f1a a \u00c1ngela le gustaba disfrazarse constantemente para jugar a ser diferentes personajes y posar para la c\u00e1mara. Su inquietud por la fotograf\u00eda siempre estuvo presente.<\/p>\n\n\n<figure class=\"wp-block-post-featured-image\"><img loading=\"lazy\" decoding=\"async\" width=\"1504\" height=\"1004\" src=\"https:\/\/angelalena.com\/wp-content\/uploads\/2022\/11\/IMG_20180602_233950_140.jpg\" class=\"attachment-post-thumbnail size-post-thumbnail wp-post-image\" alt=\"\" style=\"object-fit:cover;\" srcset=\"https:\/\/angelalena.com\/wp-content\/uploads\/2022\/11\/IMG_20180602_233950_140.jpg 1504w, https:\/\/angelalena.com\/wp-content\/uploads\/2022\/11\/IMG_20180602_233950_140-300x200.jpg 300w, https:\/\/angelalena.com\/wp-content\/uploads\/2022\/11\/IMG_20180602_233950_140-1024x684.jpg 1024w, https:\/\/angelalena.com\/wp-content\/uploads\/2022\/11\/IMG_20180602_233950_140-768x513.jpg 768w, https:\/\/angelalena.com\/wp-content\/uploads\/2022\/11\/IMG_20180602_233950_140-720x481.jpg 720w, https:\/\/angelalena.com\/wp-content\/uploads\/2022\/11\/IMG_20180602_233950_140-820x547.jpg 820w\" sizes=\"auto, (max-width: 1504px) 100vw, 1504px\" \/><\/figure>\n\n\n<div class=\"wp-block-group\"><div class=\"wp-block-group__inner-container is-layout-flow wp-block-group-is-layout-flow\"><\/div><\/div>\n","protected":false},"excerpt":{"rendered":"<p>Ya desde muy peque\u00f1a a \u00c1ngela le gustaba disfrazarse constantemente para jugar a ser diferentes personajes y posar para la c\u00e1mara. Su inquietud por la fotograf\u00eda siempre estuvo presente.<\/p>\n","protected":false},"author":2,"featured_media":324,"parent":0,"menu_order":0,"comment_status":"closed","ping_status":"closed","template":"","meta":{"footnotes":""},"class_list":["post-31","page","type-page","status-publish","has-post-thumbnail","hentry"],"_links":{"self":[{"href":"https:\/\/angelalena.com\/index.php\/wp-json\/wp\/v2\/pages\/31","targetHints":{"allow":["GET"]}}],"collection":[{"href":"https:\/\/angelalena.com\/index.php\/wp-json\/wp\/v2\/pages"}],"about":[{"href":"https:\/\/angelalena.com\/index.php\/wp-json\/wp\/v2\/types\/page"}],"author":[{"embeddable":true,"href":"https:\/\/angelalena.com\/index.php\/wp-json\/wp\/v2\/users\/2"}],"replies":[{"embeddable":true,"href":"https:\/\/angelalena.com\/index.php\/wp-json\/wp\/v2\/comments?post=31"}],"version-history":[{"count":8,"href":"https:\/\/angelalena.com\/index.php\/wp-json\/wp\/v2\/pages\/31\/revisions"}],"predecessor-version":[{"id":378,"href":"https:\/\/angelalena.com\/index.php\/wp-json\/wp\/v2\/pages\/31\/revisions\/378"}],"wp:featuredmedia":[{"embeddable":true,"href":"https:\/\/angelalena.com\/index.php\/wp-json\/wp\/v2\/media\/324"}],"wp:attachment":[{"href":"https:\/\/angelalena.com\/index.php\/wp-json\/wp\/v2\/media?parent=31"}],"curies":[{"name":"wp","href":"https:\/\/api.w.org\/{rel}","templated":true}]}}